{"id":15520,"date":"2021-12-28T15:52:23","date_gmt":"2021-12-28T14:52:23","guid":{"rendered":"https:\/\/slivnica.splet.arnes.si\/?page_id=15520"},"modified":"2022-05-09T08:56:11","modified_gmt":"2022-05-09T06:56:11","slug":"podruznicna-sola-prevorje","status":"publish","type":"page","link":"https:\/\/slivnica.splet.arnes.si\/?page_id=15520","title":{"rendered":"Podru\u017eni\u010dna \u0161ola Prevorje"},"content":{"rendered":"<p>[et_pb_section fb_built=&#8221;1&#8243; _builder_version=&#8221;4.9.7&#8243; _module_preset=&#8221;default&#8221;][et_pb_row column_structure=&#8221;1_4,3_4&#8243; _builder_version=&#8221;4.9.7&#8243; _module_preset=&#8221;default&#8221;][et_pb_column type=&#8221;1_4&#8243; _builder_version=&#8221;4.9.7&#8243; _module_preset=&#8221;default&#8221;][et_pb_image src=&#8221;https:\/\/slivnica.splet.arnes.si\/files\/2021\/12\/RecordFieldThumbnail-_1.jpg&#8221; title_text=&#8221;RecordFieldThumbnail-_1_&#8221; _builder_version=&#8221;4.9.7&#8243; _module_preset=&#8221;default&#8221;][\/et_pb_image][et_pb_image src=&#8221;https:\/\/slivnica.splet.arnes.si\/files\/2021\/12\/AKTUALNOgzrfth.png&#8221; title_text=&#8221;AKTUALNOgzrfth&#8221; url=&#8221;https:\/\/slivnica.splet.arnes.si\/?page_id=15520&#8243; url_new_window=&#8221;on&#8221; show_bottom_space=&#8221;off&#8221; admin_label=&#8221;Image&#8221; _builder_version=&#8221;4.9.7&#8243; _module_preset=&#8221;default&#8221;][\/et_pb_image][et_pb_image src=&#8221;https:\/\/slivnica.splet.arnes.si\/files\/2021\/12\/GUMB2PREVORJE.png&#8221; title_text=&#8221;GUMB2PREVORJE&#8221; url=&#8221;https:\/\/slivnica.splet.arnes.si\/?page_id=15538&#8243; url_new_window=&#8221;on&#8221; show_bottom_space=&#8221;off&#8221; _builder_version=&#8221;4.9.7&#8243; _module_preset=&#8221;default&#8221;][\/et_pb_image][et_pb_image src=&#8221;https:\/\/slivnica.splet.arnes.si\/files\/2021\/12\/KONTAKT.png&#8221; title_text=&#8221;KONTAKT&#8221; url=&#8221;https:\/\/slivnica.splet.arnes.si\/?page_id=15532&#8243; url_new_window=&#8221;on&#8221; show_bottom_space=&#8221;off&#8221; _builder_version=&#8221;4.9.7&#8243; _module_preset=&#8221;default&#8221;][\/et_pb_image][\/et_pb_column][et_pb_column type=&#8221;3_4&#8243; _builder_version=&#8221;4.9.7&#8243; _module_preset=&#8221;default&#8221;][et_pb_blog _builder_version=&#8221;4.9.7&#8243; _module_preset=&#8221;default&#8221; fullwidth=&#8221;off&#8221; hover_enabled=&#8221;0&#8243; sticky_enabled=&#8221;0&#8243; include_categories=&#8221;11&#8243;][\/et_pb_blog][\/et_pb_column][\/et_pb_row][\/et_pb_section]<\/p>\n","protected":false},"excerpt":{"rendered":"","protected":false},"author":83251,"featured_media":0,"parent":0,"menu_order":0,"comment_status":"closed","ping_status":"closed","template":"","meta":{"_et_pb_use_builder":"on","_et_pb_old_content":"","_et_gb_content_width":"","ngg_post_thumbnail":0,"footnotes":""},"class_list":["post-15520","page","type-page","status-publish","hentry"],"publishpress_future_action":{"enabled":false,"date":"2026-05-24 17:00:38","action":"change-status","newStatus":"draft","terms":[],"taxonomy":"","extraData":[]},"publishpress_future_workflow_manual_trigger":{"enabledWorkflows":[]},"_links":{"self":[{"href":"https:\/\/slivnica.splet.arnes.si\/index.php?rest_route=\/wp\/v2\/pages\/15520","targetHints":{"allow":["GET"]}}],"collection":[{"href":"https:\/\/slivnica.splet.arnes.si\/index.php?rest_route=\/wp\/v2\/pages"}],"about":[{"href":"https:\/\/slivnica.splet.arnes.si\/index.php?rest_route=\/wp\/v2\/types\/page"}],"author":[{"embeddable":true,"href":"https:\/\/slivnica.splet.arnes.si\/index.php?rest_route=\/wp\/v2\/users\/83251"}],"replies":[{"embeddable":true,"href":"https:\/\/slivnica.splet.arnes.si\/index.php?rest_route=%2Fwp%2Fv2%2Fcomments&post=15520"}],"version-history":[{"count":9,"href":"https:\/\/slivnica.splet.arnes.si\/index.php?rest_route=\/wp\/v2\/pages\/15520\/revisions"}],"predecessor-version":[{"id":16953,"href":"https:\/\/slivnica.splet.arnes.si\/index.php?rest_route=\/wp\/v2\/pages\/15520\/revisions\/16953"}],"wp:attachment":[{"href":"https:\/\/slivnica.splet.arnes.si\/index.php?rest_route=%2Fwp%2Fv2%2Fmedia&parent=15520"}],"curies":[{"name":"wp","href":"https:\/\/api.w.org\/{rel}","templated":true}]}}