{"id":170,"date":"2015-07-09T09:39:06","date_gmt":"2015-07-09T08:39:06","guid":{"rendered":"http:\/\/slivnica.splet.arnes.si\/?page_id=170"},"modified":"2015-07-09T09:39:06","modified_gmt":"2015-07-09T08:39:06","slug":"zgodovina-ps-loka-pri-zusmu","status":"publish","type":"page","link":"https:\/\/slivnica.splet.arnes.si\/?page_id=170","title":{"rendered":"Zgodovina P\u0160 Loka pri \u017dusmu"},"content":{"rendered":"<p>V letih 1887 &#8211; 1889 je delovala v kraju nem\u0161ka zasebna \u0161ola, ki jo je podpiralo nem\u0161ko \u0161olsko dru\u0161tvo. Slovenska zasebna \u0161ola je bila v Loki odprta 16. novembra 1896. Pouk v slovenski \u0161oli je bil v poslopju tamkaj\u0161ne tovarne kopit. Obiskovali so jo u\u010denci iz Loke in Osle\u0161ice. Prvi javni u\u010ditelj je bil Josip Tratar. Ker je \u0161tevilo otrok naraslo, je bila \u0161ola 1902 raz\u0161irjena v dvorazrednico. V \u0161olskem letu 1917\/18 je bila ukinjena in otroci so obiskovali pouk v \u0161oli na \u017dusmu. Ponovno je bila odprta 26. julija 1920, v letu 1939\/40 je imela dva oddelka.<\/p>\n<p style=\"text-align: center\"><a href=\"http:\/\/slivnica.splet.arnes.si\/files\/2015\/07\/loka1896.jpg\"><img loading=\"lazy\" decoding=\"async\" class=\" size-full wp-image-179 aligncenter\" src=\"http:\/\/slivnica.splet.arnes.si\/files\/2015\/07\/loka1896.jpg\" alt=\"loka1896\" width=\"250\" height=\"172\" \/><\/a>\u0161ola leta 1896<\/p>\n<p>Sredi aprila 1941 so v Loko prispeli prvi Nemci in z njimi tudi prvi nem\u0161ki u\u010ditelji (F. Tutner, H Hansa, J. Neukirchner in drugi).<br \/>\n5. 6. 1945 se je spet za\u010del pouk v slovenskem jeziku. V Loko so bili za\u010dasno vklju\u010deni vsi u\u010denci iz biv\u0161ega lo\u0161kega in \u017eusemskega okoli\u0161a (214 otrok), \u0161olo so obiskovali dopoldan in popoldan. 16. 7. 1945 so dobili prve slovenske \u010ditanke.<\/p>\n<p>Leta 1946 so za\u010deli prenavljati biv\u0161o gra\u0161\u010dino, kjer so uredili dve u\u010dilnici in stanovanje za u\u010ditelja. Otvoritev je bila 27. 4. 1947. Ko so v Dobrini 1. 4. 1949 odprli novo \u0161olsko poslopje, so 36 u\u010dencev iz Loke pre\u0161olali tja.<\/p>\n<p><a href=\"http:\/\/slivnica.splet.arnes.si\/files\/2015\/07\/loka1947.jpg\"><img loading=\"lazy\" decoding=\"async\" class=\" size-full wp-image-180 aligncenter\" src=\"http:\/\/slivnica.splet.arnes.si\/files\/2015\/07\/loka1947.jpg\" alt=\"loka1947\" width=\"250\" height=\"164\" \/><\/a><\/p>\n<p style=\"text-align: center\">\u0161ola leta1947<\/p>\n<p>V Loki so za\u010deli temeljito prenavljati \u0161olsko poslopje, \u0161tevilo otrok je nara\u0161\u010dalo in zaradi prostorske stiske so 1960\/61 pri\u010deli s prezidavo stavbe.<br \/>\nPridobili so eno u\u010dilnico. Toda kmalu zatem je \u0161tevilo otrok za\u010delo upadati, tako je bilo 1965\/66 samo 88 u\u010dencev.<\/p>\n<p>S \u0161olskim letom 1966\/67 je \u0161ola prenehala delovati kot samostojen zavod, saj so v Gorici pri Slivnici zgradili moderno \u0161olsko poslopje in so tja pre\u0161olali u\u010dence vi\u0161jih razredov \u0161ole Loka pri \u017dusmu. Ta je postala podru\u017enica. Potres 20. junija 1974 je \u0161olo &#8211; gra\u0161\u010dino tako prizadel, da je postala neuporabna za pouk, zato so z denarjem slovenske solidarnosti v roku dveh mesecev postavili monta\u017eno \u0161olsko poslopje s petimi u\u010dilnicami in pripadajo\u010dimi prostori. Glede na nizko \u0161tevilo u\u010dencev iz Loke in Dobrine so u\u010dence obeh \u0161ol zdru\u017eili, \u0161olo v Dobrini pa ukinili. V \u0161oli so imeli prvi\u010d \u010diste nekombinirane oddelke.<\/p>\n<p style=\"text-align: center\"><a href=\"http:\/\/slivnica.splet.arnes.si\/files\/2015\/07\/loka1974.jpg\"><img loading=\"lazy\" decoding=\"async\" class=\"alignnone size-full wp-image-182\" src=\"http:\/\/slivnica.splet.arnes.si\/files\/2015\/07\/loka1974.jpg\" alt=\"loka1974\" width=\"250\" height=\"173\" \/><\/a><br \/>\nza\u010detek gradnje 1974<\/p>\n<p>Leta 1976 je bil v \u0161olskih prostorih odprt oddelek vrtca.<\/p>\n<p>Zaradi zmanj\u0161anja \u0161tevila otrok je bil leta 1997\/98 spet uveden kombinirani pouk.<br \/>\nLeta 2004\/05 so pri\u010deli z gradnjo te\u017eko pri\u010dakovane telovadnice, temeljni kamen je bil polo\u017een 3. septembra 2004. Delo je bilo zaklju\u010deno v letu dni in telovadnica je bila predana svojemu namenu ob ob\u010dinskem prazniku 23. septembra 2005.<\/p>\n<p>Tudi na\u0161a \u0161ola je vklju\u010dena v Dru\u0161tvo podru\u017eni\u010dnih \u0161ol Slovenije.<\/p>\n<p>Login Form<\/p>\n","protected":false},"excerpt":{"rendered":"<p>V letih 1887 &#8211; 1889 je delovala v kraju nem\u0161ka zasebna \u0161ola, ki jo je podpiralo nem\u0161ko \u0161olsko dru\u0161tvo. Slovenska zasebna \u0161ola je bila v Loki odprta 16. novembra 1896. Pouk v slovenski \u0161oli je bil v poslopju tamkaj\u0161ne tovarne kopit. Obiskovali so jo u\u010denci iz Loke in Osle\u0161ice. Prvi javni u\u010ditelj je bil Josip [&hellip;]<\/p>\n","protected":false},"author":5705,"featured_media":0,"parent":0,"menu_order":0,"comment_status":"open","ping_status":"open","template":"","meta":{"_et_pb_use_builder":"","_et_pb_old_content":"","_et_gb_content_width":"","ngg_post_thumbnail":0,"footnotes":"","_expiration-date-status":"","_expiration-date":0,"_expiration-date-type":"","_expiration-date-categories":[],"_expiration-date-options":[]},"class_list":["post-170","page","type-page","status-publish","hentry"],"_links":{"self":[{"href":"https:\/\/slivnica.splet.arnes.si\/index.php?rest_route=\/wp\/v2\/pages\/170","targetHints":{"allow":["GET"]}}],"collection":[{"href":"https:\/\/slivnica.splet.arnes.si\/index.php?rest_route=\/wp\/v2\/pages"}],"about":[{"href":"https:\/\/slivnica.splet.arnes.si\/index.php?rest_route=\/wp\/v2\/types\/page"}],"author":[{"embeddable":true,"href":"https:\/\/slivnica.splet.arnes.si\/index.php?rest_route=\/wp\/v2\/users\/5705"}],"replies":[{"embeddable":true,"href":"https:\/\/slivnica.splet.arnes.si\/index.php?rest_route=%2Fwp%2Fv2%2Fcomments&post=170"}],"version-history":[{"count":1,"href":"https:\/\/slivnica.splet.arnes.si\/index.php?rest_route=\/wp\/v2\/pages\/170\/revisions"}],"predecessor-version":[{"id":183,"href":"https:\/\/slivnica.splet.arnes.si\/index.php?rest_route=\/wp\/v2\/pages\/170\/revisions\/183"}],"wp:attachment":[{"href":"https:\/\/slivnica.splet.arnes.si\/index.php?rest_route=%2Fwp%2Fv2%2Fmedia&parent=170"}],"curies":[{"name":"wp","href":"https:\/\/api.w.org\/{rel}","templated":true}]}}